{"id":7400,"date":"2024-08-28T08:27:26","date_gmt":"2024-08-28T06:27:26","guid":{"rendered":"https:\/\/www.amstetten-falcons.at\/cms\/?page_id=7400"},"modified":"2025-05-05T08:56:37","modified_gmt":"2025-05-05T06:56:37","slug":"falconsfamily","status":"publish","type":"page","link":"https:\/\/www.amstetten-falcons.at\/cms\/falconsfamily\/","title":{"rendered":"Falcons Family"},"content":{"rendered":"<p>Gute Getr\u00e4nke und Snacks, nette Kontakte und spannende Spiele locken immer mehr Gesch\u00e4ftsleute zu uns in die P\u00f6lzhalle.<\/p>\n<p>Es ergeben sich gute Vernetzungen auch abseits des Basketballcourts.<\/p>\n<p>Wenn auch Sie Teil dieser wachsenden Familie werden wollen, so sprechen Sie uns doch bitte einfach bei Heimspielen an oder mailen uns unter info@amstetten-falcons.at.<\/p>\n<p><img loading=\"lazy\" decoding=\"async\" class=\"alignnone size-medium wp-image-7401\" src=\"https:\/\/www.amstetten-falcons.at\/cms\/wp-content\/uploads\/2024\/08\/Falcons-Scheckkarte-300x196.png\" alt=\"\" width=\"300\" height=\"196\" srcset=\"https:\/\/www.amstetten-falcons.at\/cms\/wp-content\/uploads\/2024\/08\/Falcons-Scheckkarte-300x196.png 300w, https:\/\/www.amstetten-falcons.at\/cms\/wp-content\/uploads\/2024\/08\/Falcons-Scheckkarte-128x83.png 128w, https:\/\/www.amstetten-falcons.at\/cms\/wp-content\/uploads\/2024\/08\/Falcons-Scheckkarte-32x21.png 32w, https:\/\/www.amstetten-falcons.at\/cms\/wp-content\/uploads\/2024\/08\/Falcons-Scheckkarte.png 348w\" sizes=\"auto, (max-width: 300px) 100vw, 300px\" \/><\/p>\n<h3>&nbsp;<\/h3>\n<p>&nbsp;<\/p>\n<p>&nbsp;<\/p>\n","protected":false},"excerpt":{"rendered":"<p>Gute Getr\u00e4nke und Snacks, nette Kontakte und spannende Spiele locken immer mehr Gesch\u00e4ftsleute zu uns in die P\u00f6lzhalle. Es ergeben sich gute Vernetzungen auch abseits des Basketballcourts. Wenn auch Sie Teil dieser wachsenden Familie werden wollen, so sprechen Sie uns doch bitte einfach bei Heimspielen an oder mailen uns unter info@amstetten-falcons.at. &nbsp; &nbsp; &nbsp;<\/p>\n","protected":false},"author":7,"featured_media":0,"parent":0,"menu_order":0,"comment_status":"closed","ping_status":"closed","template":"","meta":{"om_disable_all_campaigns":false,"_monsterinsights_skip_tracking":false,"_monsterinsights_sitenote_active":false,"_monsterinsights_sitenote_note":"","_monsterinsights_sitenote_category":0,"ngg_post_thumbnail":0,"footnotes":""},"class_list":["post-7400","page","type-page","status-publish","hentry"],"aioseo_notices":[],"_links":{"self":[{"href":"https:\/\/www.amstetten-falcons.at\/cms\/wp-json\/wp\/v2\/pages\/7400","targetHints":{"allow":["GET"]}}],"collection":[{"href":"https:\/\/www.amstetten-falcons.at\/cms\/wp-json\/wp\/v2\/pages"}],"about":[{"href":"https:\/\/www.amstetten-falcons.at\/cms\/wp-json\/wp\/v2\/types\/page"}],"author":[{"embeddable":true,"href":"https:\/\/www.amstetten-falcons.at\/cms\/wp-json\/wp\/v2\/users\/7"}],"replies":[{"embeddable":true,"href":"https:\/\/www.amstetten-falcons.at\/cms\/wp-json\/wp\/v2\/comments?post=7400"}],"version-history":[{"count":6,"href":"https:\/\/www.amstetten-falcons.at\/cms\/wp-json\/wp\/v2\/pages\/7400\/revisions"}],"predecessor-version":[{"id":7848,"href":"https:\/\/www.amstetten-falcons.at\/cms\/wp-json\/wp\/v2\/pages\/7400\/revisions\/7848"}],"wp:attachment":[{"href":"https:\/\/www.amstetten-falcons.at\/cms\/wp-json\/wp\/v2\/media?parent=7400"}],"curies":[{"name":"wp","href":"https:\/\/api.w.org\/{rel}","templated":true}]}}