{"id":307,"date":"2014-03-24T17:44:46","date_gmt":"2014-03-24T15:44:46","guid":{"rendered":"http:\/\/www.amstetten-falcons.at\/cms\/?page_id=307"},"modified":"2025-09-22T21:50:36","modified_gmt":"2025-09-22T19:50:36","slug":"interesse","status":"publish","type":"page","link":"https:\/\/www.amstetten-falcons.at\/cms\/interesse\/","title":{"rendered":"Interesse?!"},"content":{"rendered":"<p>&nbsp;<\/p>\n<h2><span style=\"color: #1b446e;\"><strong>Haben Sie oder Ihre Kinder Interesse am Basketball?<\/strong><br \/>\n<\/span><\/h2>\n<p>Wir bieten ein breites Spektrum von Trainings- und Spielm\u00f6glichkeiten vom Grundschulalter bis in den \u00e4lteren Seniorenbereich und decken Freizeitsport also auch leistungsorientierten Basketball ab. Die Jugendarbeit steht im besonderen Fokus des Vereins. Neulinge sind jederzeit gerne willkommen!<\/p>\n<p><strong>Und so geht&#8217;s:<\/strong><\/p>\n<ul>\n<li><strong>Schritt 1<\/strong> &#8211; Komm zum Schnuppern vorbei &#8211; die Trainingszeiten f\u00fcr deine Altersklasse findest du im Men\u00fc unter &#8222;Infos &#8211; Trainings&#8220;<\/li>\n<li><strong>Schritt 2<\/strong> &#8211; Dir macht&#8217;s Spa\u00df? Na klar doch! Melde dich offiziell bei den Sportunion Amstetten Falcons an:\n<ul>\n<li>Falls du noch nicht vollj\u00e4hrig bist (18 Jahre alt), dann m\u00fcssen deine Eltern gemeinsam mit dir das online Anmelde-Formular ausf\u00fcllen<\/li>\n<li>Bist du 18 Jahre oder \u00e4lter, melde dich via Email unter info@amstetten-falcons.at &#8211; dort bekommst du alle weiteren Infos<\/li>\n<\/ul>\n<\/li>\n<\/ul>\n<p>Noch (andere) Fragen? Nimm unter <strong>info@amstetten-falcons.at<\/strong> |oder| <strong>basketball@amstetten-falcons.at<\/strong> formlos Kontakt mit uns auf. Eltern k\u00f6nnen sich auch direkt unter+43 660 3101245 bei unserem Nachwuchs-Koordinator melden!<\/p>\n<p><span style=\"color: #1b446e;\"><strong>GO FALCONS!<\/strong><\/span><\/p>\n","protected":false},"excerpt":{"rendered":"<p>&nbsp; Haben Sie oder Ihre Kinder Interesse am Basketball? Wir bieten ein breites Spektrum von Trainings- und Spielm\u00f6glichkeiten vom Grundschulalter bis in den \u00e4lteren Seniorenbereich und decken Freizeitsport also auch leistungsorientierten Basketball ab. Die Jugendarbeit steht im besonderen Fokus des Vereins. Neulinge sind jederzeit gerne willkommen! Und so geht&#8217;s: Schritt 1 &#8211; Komm zum Schnuppern [&hellip;]<\/p>\n","protected":false},"author":1,"featured_media":0,"parent":0,"menu_order":0,"comment_status":"closed","ping_status":"open","template":"","meta":{"om_disable_all_campaigns":false,"_monsterinsights_skip_tracking":false,"_monsterinsights_sitenote_active":false,"_monsterinsights_sitenote_note":"","_monsterinsights_sitenote_category":0,"ngg_post_thumbnail":0,"footnotes":""},"class_list":["post-307","page","type-page","status-publish","hentry"],"aioseo_notices":[],"_links":{"self":[{"href":"https:\/\/www.amstetten-falcons.at\/cms\/wp-json\/wp\/v2\/pages\/307","targetHints":{"allow":["GET"]}}],"collection":[{"href":"https:\/\/www.amstetten-falcons.at\/cms\/wp-json\/wp\/v2\/pages"}],"about":[{"href":"https:\/\/www.amstetten-falcons.at\/cms\/wp-json\/wp\/v2\/types\/page"}],"author":[{"embeddable":true,"href":"https:\/\/www.amstetten-falcons.at\/cms\/wp-json\/wp\/v2\/users\/1"}],"replies":[{"embeddable":true,"href":"https:\/\/www.amstetten-falcons.at\/cms\/wp-json\/wp\/v2\/comments?post=307"}],"version-history":[{"count":9,"href":"https:\/\/www.amstetten-falcons.at\/cms\/wp-json\/wp\/v2\/pages\/307\/revisions"}],"predecessor-version":[{"id":8118,"href":"https:\/\/www.amstetten-falcons.at\/cms\/wp-json\/wp\/v2\/pages\/307\/revisions\/8118"}],"wp:attachment":[{"href":"https:\/\/www.amstetten-falcons.at\/cms\/wp-json\/wp\/v2\/media?parent=307"}],"curies":[{"name":"wp","href":"https:\/\/api.w.org\/{rel}","templated":true}]}}